 digit of d?
0
Suppose 0 = -4*a - 2*a + 378. What is the units digit of a?
3
Let g be (-6)/(-21) + 10/14. What is the units digit of 6 - 7 - (g - 11)?
9
Let m(z) = 2*z - 6. Let i be m(5). Suppose 0 = 2*h - 0 - i. Suppose h*b = o + 24 - 6, -4*b + 22 = 5*o. What is the units digit of b?
8
Let w(n) = n**3 - 4*n**2 + 2*n - 4. Let p be (-85)/(-20) + 1/(-4). Let i be w(p). Suppose -c + h + 11 = 0, 2*c - 4*h = i*c - 34. What is the tens digit of c?
1
Let i(x) = 7*x**2 - 2*x - 1. Let h be i(-1). Let n(q) = q**2 - 8*q - 3. Let k be n(h). Let c = k + 14. What is the units digit of c?
1
Let y = 0 + 4. Suppose -y*r + 4 - 8 = -3*w, 0 = r - 4*w - 12. Let o = 1 - r. What is the units digit of o?
5
Let b(a) = 3*a + 10. What is the tens digit of b(2)?
1
Let q = 16 - 49. What is the tens digit of (21/(-2))/(q/44)?
1
Let z be 87/3 + -1 + 0. Suppose -5*l - 37 = -2*t, 2*t = -l - 3*l + z. Suppose -5*i = 3*u - 62, -2*i + t = 2*i. What is the tens digit of u?
1
Let v(a) = -a**3 + 8*a**2 - 8*a + 9. Let n be v(7). Suppose 0 = -n*g - g + 93. Suppose 4*c - g = 21. What is the units digit of c?
3
Let d be (-8)/6*(-18)/12. Suppose 5*c + 2*n - 3 - 33 = 0, 3*c - d*n - 28 = 0. What is the units digit of c?
8
Suppose 4*q - 4 = -4*l, -3*l - 4 + 5 = 5*q. Suppose l*a - 4*a = -10. Suppose 0 = a*b + 2*y - 7, 4*b - 6*y + 4*y = 20. What is the units digit of b?
3
Let b(z) = -3*z**3 - 8*z**2 - 13*z - 5. What is the hundreds digit of b(-5)?
2
Suppose 212 + 152 = 4*d. What is the tens digit of d?
9
What is the units digit of 32/3 + (-2)/(-6)?
1
Let a = 150 - 66. Suppose -4*d - r = d - 204, -2*d + a = r. What is the units digit of d?
0
Let p be 4/6 + (-1036)/(-21). What is the units digit of p/8 + (-7)/28?
6
Let k(b) = -b**3 + 24. What is the tens digit of k(0)?
2
Suppose 6*u = 2*u. Let o(c) = -c - 5. Let i be o(-5). Suppose s - 11 + i = u. What is the tens digit of s?
1
Let r(o) = 4*o + 2. Let t(z) = 3*z + 1. Let u be -2*(9/(-2) - -2). Let a(i) = u*t(i) - 4*r(i). What is the units digit of a(-4)?
1
Let n = 2 + -2. Suppose n*c - c + 2 = 0. What is the units digit of c?
2
Suppose -4*u + 11 = -9. Suppose b = -u*g + 25, 0*b = -2*g - 5*b - 13. What is the units digit of g?
6
Let k(h) = -h**3 + 4*h**2 + 23*h - 10. What is the units digit of k(7)?
4
Suppose 0*k = -5*k + 10. Suppose -3*f = -f - k. What is the units digit of f?
1
Let t = 63 - 27. What is the tens digit of t*(-3 - 15/(-4))?
2
Let n = 1 + 2. Let r(b) = b - 4. Let v be r(n). Let w = v + 15. What is the units digit of w?
4
Let l be -6*((-7)/2 + 2). Let z = l - -1. What is the tens digit of z?
1
Suppose -3*g + v = -15, 0 = -2*g + g - 4*v + 5. Suppose q - g*q + 68 = 0. What is the tens digit of q?
1
Let t = 9 + -6. Suppose 1 = -z - p + 2, 1 = -t*z - 5*p. What is the units digit of (-4 + z)*1*-1?
1
Suppose 4 = -2*i + 10. What is the units digit of i?
3
Suppose -74 - 190 = -3*b. What is the units digit of b?
8
Let w = -4 + -52. What is the units digit of (w/(-10))/((-4)/(-20))?
8
Let j(s) = -2*s + 5. What is the units digit of j(-15)?
5
Let h(g) = -2*g**2 + 10*g - 6. Let y be h(6). Let u be (-24)/1*(-12)/(-9). Let k = y - u. What is the units digit of k?
4
Suppose 2*s = -3*s + 15. Suppose 2*i = -i. Suppose i = -s*x + 6. What is the units digit of x?
2
Suppose 5*l = 2*s - 25, 12 = -0*s + 3*s + l. Suppose 3*p - 2 = 2*i, 0 = -p - p + i + 3. Suppose -p*f - s = -9*f. What is the units digit of f?
1
Suppose -96 = -5*u + 2*u. What is the tens digit of u?
3
Let i = -213 + 402. What is the hundreds digit of i?
1
Suppose -c - 144 = -4*c. What is the tens digit of c?
4
Suppose 0*n - 4*n + 16 = 0. What is the tens digit of n - 1*(1 + -20)?
2
Let s = 2 - -1. Let n(r) = -5*r + 4*r - s*r. What is the units digit of n(-2)?
8
Let m(i) = -i**2 + 9*i + 10. What is the tens digit of m(7)?
2
Suppose 0 = -3*v - 50 + 2. What is the tens digit of 2/(-8) - 452/v?
2
Let v(u) = 3*u - 6. Let j be v(11). Let f = 50 - j. What is the units digit of f?
3
What is the tens digit of (4 + 4)*(-298)/(-8)?
9
Let i(j) = -3*j - 8. What is the units digit of i(-22)?
8
Suppose -b + 173 = -15. What is the hundreds digit of b?
1
Suppose -2*d - 3*j - 25 = -0*d, 60 = -4*d - 4*j. Let y = d + 29. What is the units digit of y?
9
Suppose 6 = 4*i - 10. What is the units digit of (1/4)/(1/i)?
1
Suppose 10 = -2*i - 0*i. Suppose -u + 4 = -3. Let v = u + i. What is the units digit of v?
2
Let p(b) = -b + 1. Let d be p(-2). Suppose -3*f + 5*o + 35 = 0, 2*f = -o - d*o + 38. What is the units digit of f?
5
Suppose 4*f + 40 = 2*f. Suppose -2*q = -4*q - 4. What is the units digit of ((-16)/(-40))/(q/f)?
4
Let c(d) = d - 3. Let u = -9 - -3. Let z = u - -11. What is the units digit of c(z)?
2
Let p(i) be the second derivative of -2*i**3/3 - 4*i. What is the tens digit of p(-4)?
1
Suppose -t = 2*o + 15, 4*o = t - 0*o - 15. Let p be t/(-7) + 8/28. What is the units digit of (-1 - (-3 - 4))*p?
6
Let v = -5 + 12. Let j(y) = -y**2 + 10*y + 3. What is the tens digit of j(v)?
2
Suppose -2*i + 19 + 59 = 0. What is the tens digit of i?
3
Suppose 86 = 2*w + r, -4*w + 2*r = -3*r - 200. Let o = w + -23. What is the tens digit of o?
2
Let m = 25 + 40. What is the tens digit of m?
6
Let g(r) = -4*r**3 + r**2 + r. Let z be g(-1). Let n = 0 - z. What is the units digit of ((-1 + 2)*n)/(-2)?
2
Let n = -122 + 181. What is the tens digit of n?
5
Suppose -253 = -9*m + 1475. What is the hundreds digit of m?
1
What is the tens digit of (-1924)/(-10) + (-6)/(-10)?
9
Suppose 7*u - 2*u - 135 = 0. Let k = 41 - u. What is the units digit of k?
4
Let s(w) = -5*w**3 - 37*w**2 - 13*w + 41. Let g(q) = -q**3 - 9*q**2 - 3*q + 10. Let h(u) = 9*g(u) - 2*s(u). Let n = 6 + 1. What is the units digit of h(n)?
1
Let g be (2 - 0 - 42)/(-1). Suppose -2*l + 3*y + 2*y = -44, 0 = -2*l + 4*y + g. Suppose d + l = 5*d. What is the units digit of d?
3
Suppose 142 = 5*x + 47. What is the tens digit of x?
1
Let i(q) = 8*q**2 + 2*q + 2. What is the units digit of i(-2)?
0
What is the tens digit of (0 + 32/6)*(-45)/(-3)?
8
Let d(o) = 11*o**2 + 3*o + 2. What is the units digit of d(-2)?
0
Let l = -24 - -49. What is the units digit of l?
5
Suppose -2*w + 7*w - 5 = 0. Let f be (0 - -5)*2/5. What is the units digit of (f - w)/((-4)/(-8))?
2
What is the units digit of 204/(-20)*(4 - 34)?
6
Suppose 19 = 5*j - 4*n - 1005, 0 = 4*j - 4*n - 816. What is the units digit of j?
8
Suppose 3*c - g = -6*g + 282, c - 94 = 4*g. What is the units digit of c?
4
Let x = 81 + -5. What is the units digit of x?
6
Let o = 14 + -10. Suppose o*d - 21 = 3*d. What is the tens digit of d?
2
Let a(r) = -2*r. Let b be a(-1). Let f(p) = 2 + b*p**3 - 2*p**3 + 14*p**2 - p**3 - 6*p**2. What is the units digit of f(8)?
2
Suppose -4*u + 2*c + 10 = 0, -5*u = -2*u + 2*c - 25. Suppose -129 = -u*f - 9. What is the tens digit of f?
2
Suppose 11*s - 41 = 10*s. What is the tens digit of s?
4
Let w be (1 + -23)/(1/(-2)). Let k = 10 + -18. What is the units digit of 13/11 + k/w?
1
Let i be (1 + 3)*30/(-24). Let a(h) = h**3 + 7*h**2 + 8*h + 3. What is the tens digit of a(i)?
1
Suppose 8*q - 132 = 6*q. Suppose -k + q = 5*h, 6 = -h + 4*k - 9*k. What is the units digit of h?
4
Suppose 2*m = -4*j - j + 23, -m + j - 6 = 0. Let y = 7 - m. What is the units digit of y?
8
Let j = -4 + -1. Let h = j + 5. Suppose 5*v + 0 - 10 = h. What is the units digit of v?
2
Suppose -q + 6 = q. Suppose l + 2*v - q*v - 3 = 0, 5*l - 15 = v. What is the units digit of ((-1 - l) + 0)*-2?
8
Suppose 4*y - 395 = -99. What is the units digit of y?
4
Suppose -13*b + 440 = -3*b. What is the units digit of b?
4
Let q(h) = 2*h**3 - 2*h**2 - 2*h + 1. Let l be q(2). Suppose -2*a - 17 = -b, l*a + 94 = 4*b + 26. What is the tens digit of b?
1
Suppose -2*w - w = -507. Suppose -3*p = 67 - w. What is the tens digit of p?
3
What is the units digit of 7*(-4 - (-264)/21)?
0
Let k(z) = -z - 1. Let b be k(-6). Suppose 3*y = 15, y - b*y = 3*d - 116. What is the tens digit of d?
3
Let u(c) = c**2 - 2. Let a be u(-2). Suppose -a*t + 4*t + 34 = 4*g, -2*t = -2*g + 18. What is the units digit of g?
8
Let d = 0 - -3. Let o = 6 + -5. Suppose -d*k = -10 + o. What is the units digit of k?
3
Let z = 11 + 4. What is the units digit of z?
5
Let j = 19 + -22. What is the tens digit of ((-1)/j)/(10/870)?
2
Let v be (-1)/(((-2)/(-2))/25). What is the u